483
Let u(v) = v**3 - v**2 - 7*v - 81. Determine u(-5).
-196
Let w(a) = -2*a**3 - 124*a**2 + 410*a + 24667. Determine w(-62).
-753
Let a(d) = 326*d**2 - 50*d - 121. What is a(-3)?
2963
Let a(t) = -t**3 - 9*t**2 + 184*t + 1269. Determine a(-6).
57
Let p(k) = 605*k - 5004. Calculate p(8).
-164
Let j(r) = -160*r - 11644. Give j(-69).
-604
Let l(c) = 69558*c - 2017174. Determine l(29).
8
Let v(q) = 205*q - 2673. Give v(0).
-2673
Let w(z) = 38*z**2 - 9577*z + 243. Give w(252).
-9
Let o(l) = l**3 + 33*l**2 + 1894*l. Calculate o(0).
0
Let p(o) = -304*o + 1573. Calculate p(5).
53
Let c(j) = -39590*j - 5107109. What is c(-129)?
1
Let x(s) = 171*s + 1555. What is x(-9)?
16
Let p(i) = -2020*i**2 + 42421*i - 24. What is p(21)?
-3
Let o(i) = -2*i**2 + 865*i + 58558. Determine o(492).
10
Let m(z) = 44*z**2 - 11305*z - 766. What is m(257)?
5
Let s(b) = 4499*b - 341937. Determine s(76).
-13
Let v(m) = 14674*m**2 + 146739*m - 13. Give v(-10).
-3
Let d(r) = -6*r**2 + 476*r - 6816. Calculate d(19).
62
Let a(k) = 52*k**2 - 62*k - 32. Determine a(0).
-32
Let s(k) = 5047*k**2 - 30917*k + 3796. Give s(6).
-14
Let j(d) = -688*d + 93539. Calculate j(136).
-29
Let p(t) = -t**2 - 1063*t - 222702. Give p(-287).
10
Let v(r) = -4*r**3 + 7*r - 88. What is v(-5)?
377
Let c(r) = -734*r + 713510. Calculate c(972).
62
Let q(i) = -18744*i + 487279. What is q(26)?
-65
Let y(c) = 17*c**2 - 13*c + 18. What is y(5)?
378
Let c(n) = 245*n - 37623. Calculate c(150).
-873
Let w(a) = -11*a**2 + 3692*a + 49864. Calculate w(-13).
9
Let y(i) = 2*i**3 + 22*i**2 - 160*i - 514. What is y(-15)?
86
Let b(d) = -13509*d + 81115. What is b(6)?
61
Let q(b) = 4*b**3 + 580*b**2 + 14800*b + 1771. Give q(-112).
-21
Let w(o) = -12537*o + 75682. What is w(6)?
460
Let a(l) = -l**3 + 37*l**2 - l + 5462. Calculate a(42).
-3400
Let t(o) = -649*o + 26780. Give t(40).
820
Let v(f) = -680*f - 54021. What is v(-80)?
379
Let t(s) = -15661*s - 297704. Determine t(-19).
-145
Let j(m) = 3*m**3 + m**2 - 54*m + 4955. What is j(0)?
4955
Let u(i) = -106843*i - 320534. What is u(-3)?
-5
Let b(y) = 14*y**3 + 46*y**2 - 4*y - 88. Give b(-6).
-1432
Let n(a) = -13236*a - 8815162. Determine n(-666).
14
Let n(d) = -43880*d - 24353402. What is n(-555)?
-2
Let p(u) = 3*u**3 - 32*u**2 - 17*u + 74. What is p(11)?
8
Let g(i) = 9*i**3 + 541*i**2 + 124*i + 3806. Determine g(-60).
-34
Let h(x) = -x**2 + 297*x + 218544. Calculate h(-342).
6
Let p(x) = -5482*x - 290588. Give p(-53).
-42
Let t(d) = -8*d**2 + 1174*d + 553. Determine t(144).
3721
Let h(z) = -11*z**2 + 1882*z - 12835. Calculate h(164).
-43
Let p(o) = -3*o**2 - 1939*o - 79642. Give p(-44).
-134
Let n(j) = 3*j**3 + 9*j**2 - 1478*j - 8809. Calculate n(-6).
-265
Let a(k) = k**3 - 16*k**2 - 15*k + 829. Give a(15).
379
Let l(v) = -v**2 - 971*v - 221601. Give l(-367).
67
Let a(c) = -2288*c - 702415. What is a(-307)?
1
Let r(a) = a**2 + 329*a - 2378. What is r(7)?
-26
Let j(o) = -6*o**2 - 238*o + 14595. Give j(-73).
-5
Let n(y) = -2*y**2 - 70*y - 1185. Give n(-20).
-585
Let v(k) = -7*k**2 - 299*k + 173. Give v(-42).
383
Let o(s) = -s**2 + 952*s - 41266. Give o(46).
410
Let l(y) = 13*y**2 - 64096*y + 1149514. Give l(18).
-2
Let x(k) = -5*k**3 + 41*k**2 + 764*k - 270. Give x(17).
2
Let j(h) = -14044*h**2 - 14002*h + 15. What is j(-1)?
-27
Let q(u) = u**3 - 78*u**2 + 1515*u - 84. Determine q(42).
42
Let s(b) = 4*b**3 + 11*b**2 - 1853*b - 13128. Determine s(-7).
-990
Let d(r) = r**2 - 638*r - 21429. Give d(-32).
11
Let j(d) = 29134*d + 7341766. Calculate j(-252).
-2
Let j(g) = -g**3 - 5*g**2 + 62486*g + 374959. What is j(-6)?
79
Let d(n) = n**3 + 81*n**2 + 71*n - 4800. Calculate d(7).
9
Let b(i) = -2769*i + 11076. Determine b(4).
0
Let n(i) = -7872*i - 11628. What is n(-1)?
-3756
Let w(t) = 3*t**3 - 5*t**2 - 1032*t - 7122. What is w(-7)?
-1172
Let k(b) = -b**3 + 24*b**2 - 131*b - 53. Determine k(8).
-77
Let l(r) = -r**2 + 49724*r - 497135. Determine l(10).
5
Let p(a) = 29*a**2 - 826*a + 778. Give p(1).
-19
Let t(g) = -2*g**2 + 214*g + 62301. Calculate t(-131).
-55
Let v(m) = 234*m + 171. Give v(-2).
-297
Let j(u) = -5*u**3 - 85*u**2 + 46. Give j(-17).
46
Let n(j) = 2*j**2 - 79*j - 357. What is n(-4)?
-9
Let k(d) = -2*d**3 + 667*d**2 - 6753*d - 9690. Determine k(323).
0
Let f(o) = 56*o**2 + 2357*o + 206. Determine f(-42).
-4
Let v(g) = g**3 - 119*g**2 + 4073*g - 27714. Determine v(9).
33
Let z(c) = 8*c**3 - 15*c**2 - 2378*c - 2363. Calculate z(-1).
-8
Let s(c) = 2*c**3 - 3400*c**2 + 13577*c + 4. What is s(4)?
40
Let k(j) = -5*j**3 + 235*j**2 - 2655*j - 112. Calculate k(19).
-17
Let f(o) = -12896*o + 322304. Calculate f(25).
-96
Let w(j) = -j**3 - 31*j**2 - 209*j - 277. What is w(-8)?
-77
Let o(d) = 2*d**3 - 46*d**2 - 21*d - 647. Calculate o(24).
1
Let s(v) = 7206*v - 7264. Determine s(1).
-58
Let y(n) = -3632*n**2 + 36314*n + 24. Determine y(10).
-36
Let s(t) = 11*t**2 - 844*t - 608784. Calculate s(-200).
16
Let y(t) = t**2 - 1329*t + 211. Give y(0).
211
Let f(t) = 28*t**3 - 84*t - 265. Give f(-4).
-1721
Let n(y) = y**2 + 1727*y - 206015. Determine n(112).
-47
Let p(q) = q**2 + 2466*q + 19688. Determine p(-8).
24
Let n(c) = c**3 - 25*c**2 + 605*c - 3346. Give n(7).
7
Let h(r) = 1342*r**2 + 13411*r - 17. Give h(-10).
73
Let j(a) = 4*a**2 + 175*a + 275. What is j(-44)?
319
Let a(k) = 10*k**2 + 1017*k + 6328. Calculate a(-95).
-37
Let u(f) = f**3 - 24*f**2 - 17*f - 895. Give u(26).
15
Let d(q) = -6429*q + 58389. Calculate d(9).
528
Let p(v) = 119*v + 13338. Give p(-114).
-228
Let s(k) = -245*k + 3359. Give s(12).
419
Let w(z) = -z**2 - 1472*z - 455853. Give w(-443).
-6
Let m(s) = 66*s**2 + 3127*s + 1179. Give m(-47).
4
Let g(h) = -h**3 - 261*h**2 - 1509*h - 58579. Determine g(-256).
45
Let u(w) = w**3 - 48*w**2 - 12*w + 2708. Give u(47).
-65
Let i(c) = -3*c**2 + 453*c - 14765. Calculate i(100).
535
Let d(i) = i**3 + 11*i**2 + 84*i + 419. Determine d(-7).
27
Let t(y) = 1711*y + 280295. Calculate t(-164).
-309
Let i(y) = -185*y**3 + 2*y**2 + 19*y + 35. Calculate i(-2).
1485
Let x(d) = -6*d**2 + 2597*d + 29770. Calculate x(444).
22
Let q(t) = -3*t**2 - 6678*t - 191143. Give q(-29).
-4
Let r(h) = -h**3 - 357*h**2 - 1089*h - 8706. Give r(-354).
852
Let z(j) = 3*j**3 + 539*j**2 - 5676*j - 116. Give z(10).
24
Let p(h) = 28993*h + 1333696. Calculate p(-46).
18
Let j(o) = 8*o**2 - 37*o + 657. Give j(12).
1365
Let r(t) = -720*t + 17667. What is r(25)?
-333
Let v(z) = -44*z**2 - 121*z + 164. Calculate v(-11).
-3829
Let z(b) = 3*b**3 - 57*b**2 + 4741*b - 90114. Determine z(19).
-35
Let b(v) = -v**2 - 2030*v + 26318. Calculate b(13).
-241
Let b(m) = -643*m**3 - 30*m**2 - 38*m - 9. Give b(-1).
642
Let n(o) = 2*o**3 + 105*o**2 - 1311*o + 21. Calculate n(-63).
-735
Let d(w) = 2846*w - 1497018. What is d(526)?
-22
Let p(s) = s**2 - 1143*s - 4577. Give p(-4).
11
Let c(g) = -365800*g - 1829004. What is c(-5)?
-4
Let h(t) = -409*t + 10525. What is h(19)?
2754
Let l(j) = -j**2 + 44701*j + 581327. Determine l(-13).
45
Let f(i) = 2770*i - 89. Calculate f(0).
-89
Let x(a) = -2509*a - 67994. Determine x(-27).
-251
Let j(p) = -p**2 + 2348*p - 1138193. Give j(684).
-17
Let m(a) = 5030*a - 73538. Determine m(15).
1912
Let y(b) = 70137*b + 350650. Calculate y(-5).
-35
Let p(h) = 703*h - 11985. Determine p(18).
669
Let k(t) = -t**3 + 710*t**2 - 389*t - 226853. Give k(709).
27
Let k(v) = 277780*v - 3611143. Determine k(13).
-3
Let w(y) = -y**2 - 157*y + 4706. What is w(-182)?
156
Let m(r) = r**2 + 252932*r - 1770536. Calculate m(7).
37
Let y(a) = 7*a**2 - 299*a + 599. Calculate y(2).
29
Let z(p) = -6*p**2 - 440*p + 598. Give z(-75).
-152
Let w(c) = 20146*c + 3404679. Give w(-169).
5
Let q(c) = 421*c - 145707. Calculate q(346).
-41
Let u(v) = v**3 - 91*v**2 + 2059*v - 77. What is u(49)?
-28
Let z(j) = -2*j**2 + 147365*j - 589441. Calculate z(4).
-13
Let s(k) = -k**2 - 7596*k - 1067. Determine s(0).
-1067
Let c(v) = -577*v - 28832. Give c(-50).
18
Let i(w) = 42*w**2 - 11735*w + 4737. Calculate i(279).
-6
Let a(m) = -2*m**3 + 304*m**2 + 3008*m - 17707. Calculate a(161).
3
Let f(t) = 40*t**2 + 79*t + 208. Calculate f(-5).
813
Let r(f) = -f**3 - 7*f**2 + 263*f + 1781. What is r(-7)?
-60
Let f(t) = -117*t**2 + 68*t + 2624. What is f(5)?
39
Let g(r) = -r**2 - 249*r + 1902. Determine g(0).
1902
Let h(u) = -u**3 - 56*u**2 + 2